4/24 - z**3/2 - z**2. What is b(h)?
1
Suppose -3*f = -26 + 17. Let n(r) = -7*r**3 - 28*r**2 + 6*r. Let k(o) = -4*o**3 - 17*o**2 + 3*o. Let d(i) = -5*k(i) + 3*n(i). What is d(f)?
-9
Let v(g) be the third derivative of g**5/60 - 3*g**4/8 - 7*g**3/6 - 1232*g**2. Calculate v(9).
-7
Suppose 23*d - 19*d - 4 = -4*g, -4*d = 3*g + 2. Let a(r) = 3*r - 10. Calculate a(g).
8
Let u(m) = m**3 + 8*m**2 - 6*m + 29. Let q = -3924 + 3915. What is u(q)?
2
Let u = 33240 + -33238. Let d(f) be the first derivative of -u + 1/2*f**2 + 4*f. Calculate d(5).
9
Suppose -j - 5*h = -22, -2*h = -31*j + 26*j + 2. Let z(x) = x**3 - 3*x**2 + 2*x - 5. Determine z(j).
-5
Let i(p) = -3*p - 25 - 7*p + 10 - 65. What is i(-7)?
-10
Let k(q) = q**2 + 11*q - 9. Let z(u) = u**2 + 12*u - 11. Suppose 5*c = c - 12, 0 = 5*h - 2*c - 31. Let y(o) = h*z(o) - 6*k(o). Give y(-4).
7
Let j(m) = 4*m - 67. Let q be ((-120)/(-50))/(148/925). Calculate j(q).
-7
Suppose -q = -0*q - 31. Let i(d) = -d**2 - 7*d + 18. Let x be i(-5). Suppose -u - q = -x. Let j(f) = f + 1. Determine j(u).
-2
Suppose 4*s = s - 6. Let d(z) = 23*z - 4. Let x(c) be the first derivative of 17*c**2 - 6*c - 12. Let v(o) = 7*d(o) - 5*x(o). What is v(s)?
20
Let u(j) = -5*j - 56. Let i be 351/1287 - 80/11. What is u(i)?
-21
Let w(c) be the second derivative of 1/4*c**4 + 1/20*c**5 + 0 - 5/6*c**3 - 47*c - 2*c**2. Determine w(-4).
0
Let c(h) = -2*h**2 + 7*h + 2. Let a(l) = 9*l**2 - 20*l**2 + 3 - 8*l - 4*l + l**3. Let u be a(12). Suppose 2*j = q - 1, -u = -0*q + q - 4*j. Determine c(q).
-13
Let n(i) be the first derivative of -i**6/120 - i**5/10 + i**3/6 - 7*i**2 - 220. Let k(l) be the second derivative of n(l). Give k(-6).
1
Let r(c) = c**3 - 2*c - 1. Suppose -19*o - 15 = -4*o. Let x be 6/6*o + (0 - 2). Determine r(x).
-22
Let c be (1853/7412)/(1*(-1)/56). Let g(z) = -8*z - 109. Determine g(c).
3
Let z(w) = -w - 1. Suppose 4 = -s + 5. Let v be z(s). Let k(a) be the first derivative of -a**2/2 - 2*a - 201. Give k(v).
0
Let g(w) = 169*w + 5736. Let b be g(-34). Let m(a) = -a**3 - 9*a**2 + 3*a - 10. Give m(b).
60
Let t(s) = -50 - s + 8 + 16 + 9 + 12. Give t(-14).
9
Suppose 0 = -b - 0*b + 10. Let v(d) be the third derivative of d**4/24 - 8*d**3/3 - 15184*d**2. Determine v(b).
-6
Let r(q) = -22*q - 126. Suppose 16*i = 22*i + 3*o + 45, 4*i = 4*o - 12. Give r(i).
6
Let n(c) = 11*c - 4 - c**3 - 8 + 11 - 10*c**2. Let t be n(-11). Let s(v) be the second derivative of -13*v**4/12 - v**3/6 - v + 263. Determine s(t).
-12
Let h be (4 + 0/3)/(-2). Let m(n) = 111*n + 9. Let x(v) be the first derivative of -11*v**2/2 - v - 41. Let k(s) = -2*m(s) - 21*x(s). Give k(h).
-15
Let a(g) be the third derivative of -g**6/180 - g**5/20 + 167*g**4/24 + 123*g**2. Let p(b) be the second derivative of a(b). Calculate p(-6).
18
Let a(t) be the second derivative of -t**5/20 - 5*t**4/6 + t**3/3 + 7*t**2 + 2*t. Let v(b) = -b**2 + 532*b - 2645. Let c be v(5). Give a(c).
-6
Let i(z) = z**2 + 6*z - 114. Let y be ((-10)/(-35))/(19 - (-13048)/(-686)). Calculate i(y).
-2
Let m(r) = r**2 - 26*r + 3. Let j be m(26). Let g(q) = 353 - 351 - 3*q - j*q. What is g(6)?
-34
Let v be (-2109)/228 - (21/4)/7. Let b(x) = -x**3 - 10*x**2 - 4*x - 7. Determine b(v).
33
Let s = 359 + -559. Let a be s/(-40) + ((-2)/(-2) - 0). Let g(j) = -j**2 + 7*j - 2. What is g(a)?
4
Suppose -4*l + 7 + 1 = 0. Let b(v) = -168 + 341 - 172 - 2*v + v. What is b(l)?
-1
Let u(h) = -158*h - 439. Let n(g) = 27*g + 75. Let b(q) = -35*n(q) - 6*u(q). Suppose -2*i + i - 9 = 0. Calculate b(i).
-18
Let c(a) = -2*a**2 + 3*a - 3. Let l(j) = -j**3 - 5*j**2 - 3*j - 10. Let y be l(-5). Determine c(y).
-38
Let f(s) = -601*s + 206*s + 198*s - 21 + 204*s. Determine f(12).
63
Let t(v) = -2*v + 24. Let g = 13439 - 13428. Calculate t(g).
2
Let r(u) = -316*u - 25. Let y(i) = 142*i + 13. Let h(a) = 4*r(a) + 9*y(a). Give h(-6).
-67
Let k(d) = -d**2 + d. Let g be ((-12)/(-9) + -3)*-3. Suppose g*v - n + 3 = 0, -5*v + 0*v + 6 = 2*n. Calculate k(v).
0
Let q(s) = 3*s + 13. Let g be q(-1). Let z(n) = g + 14 + 16*n - 23 - 13*n. Calculate z(-2).
-5
Let w = 938 - 936. Let t(f) = 4*f - f**3 - f - 2 - 1. What is t(w)?
-5
Let k = -280 - 39. Let g = k - -323. Let h(d) = 5*d**3 - d**2 + 1. Let u(y) = -6*y**3 + y. Let b(i) = -5*h(i) - 4*u(i). Determine b(g).
-5
Suppose 11*o - 20 = 9*o. Let s(z) = -14 + 14*z + 1 - 4 - 16 - 10*z. What is s(o)?
7
Let j(q) = -10438*q**2 - 2 + 7*q + 7*q**3 + 10438*q**2. Let g(l) = -2*l**3 - l**2 + l + 1. Let r(o) = 4*g(o) + j(o). Give r(-6).
8
Suppose v + 35 - 59 = 0. Let a(k) = 49 - 5*k**2 - 31 - 7*k + 4*k**2 - v. Calculate a(-4).
6
Let s be 5 + -2 - (0 - 2)*-3. Let z be (-6)/s*3/2. Suppose -2*l = 5*g - 4, -g + 15 - 9 = z*l. Let f(o) = 3*o - 1. Calculate f(l).
5
Let g(d) be the first derivative of -14*d**2 - 7*d - 1149. What is g(-2)?
49
Let p(g) = g**3 - 19*g**2 - 36*g + 2. Let r be p(21). Let h(n) = -2*n - r + 130 + 3*n. What is h(-6)?
-4
Suppose 51*g = 55*g - 8. Suppose -g*k = -27 + 9. Let x(h) = h - 10. Give x(k).
-1
Let o(w) = -w + 5. Let q = -791 - -773. Give o(q).
23
Let u be (6 - 4)/2*(-15 - -12). Let f(s) = s - 1. Let i(k) = -k**2 - 3*k + 2. Let v(j) = f(j) + i(j). What is v(u)?
-2
Suppose -3*d + 2 = -2*l, 4*d + 0 - 5 = 5*l. Suppose -496*h + 497*h + 10 = d. Let k(a) = -3*a - 6. Give k(h).
24
Let d(b) = -b**3 - 3*b**2 + 8*b + 12. Suppose g + 143*p - 148*p = -10, -g - 8 = -3*p. Determine d(g).
22
Let d(n) = -4*n**2 + 1 - 2969*n**3 + 2970*n**3 + 0*n**2 + 3*n. Let c = -22 + 37. Suppose 2*k - c = -3*k. Give d(k).
1
Let b be ((-27)/(-4))/(9/(-240)*-2). Let v be b/(-60)*(-5 - -1). Let t(a) be the second derivative of -a**5/20 + 5*a**4/12 + a**3 + a**2/2 + a. Give t(v).
1
Suppose 276*o = -153*o - 3861. Let p(d) be the first derivative of -d**4/4 - 8*d**3/3 + 4*d**2 - 2*d - 1. What is p(o)?
7
Let r(h) = -15*h - 20. Let t be r(-1). Let u(b) be the first derivative of -b**2/2 - 2*b + 301. What is u(t)?
3
Let s be (-23)/(-46) - (0 + 18/4). Let g be (1 + -1)/((3 + s)*-1). Let c be g - (-9)/((-18)/(-4)). Let v(i) = -i + 3. Give v(c).
1
Let z(x) = -10*x - 42. Suppose -420 = -10*h + 24*h + 28*h. Calculate z(h).
58
Let q(s) = -13*s**2 - 17*s - 5. Let o(c) = 2*c**2 + 2*c + 1. Let j(n) = 7*o(n) + q(n). Let v = -6 + 12. Give j(v).
20
Let p(h) = 7*h**2 - 10 + 2*h**3 + 2*h**3 - 4*h**3 - h**3 + h. Let v be p(7). Let a(n) = -3 - 23*n**2 + n**3 + 3*n + 3 + 26*n**2 + 2. Give a(v).
-7
Let b(u) be the first derivative of -u**4/4 + 2*u**3 - 2*u**2 + 2*u - 3288. What is b(2)?
10
Let c be -3 - ((-7260)/2448 + (-4)/34). Let y(p) be the second derivative of p**3 - c*p**4 + 2*p**2 + 0 + 12*p. Determine y(5).
9
Let m(f) = 97*f**2 - 76*f + 2. Let s(l) = -447*l**2 + 342*l - 10. Let o(i) = 23*m(i) + 5*s(i). What is o(-8)?
44
Let a(u) = u**2 + 11*u + 18. Let m be (-1274)/140 + (-1)/(-10). Calculate a(m).
0
Let q(o) = -2*o**3 + 30*o**2 + 23*o - 65. Let z(l) = 5*l**3 - 91*l**2 - 61*l + 195. Let f(n) = 8*q(n) + 3*z(n). Determine f(-33).
32
Let f(a) = a**2 - a + 18. Let r = -209 + 377. Let q = -168 + r. What is f(q)?
18
Suppose 2*j - 20 = -5*g, g + 18 = 4*j - 0*j. Let c(m) = -69*m + 4 + 22*m + 45*m. Give c(j).
-6
Suppose -238 = -237*h + 220*h. Let d(n) = n - 18. Give d(h).
-4
Let s(x) = -x**2 + 4*x - 2. Let b be s(2). Suppose -b*k + 4*k - 8 = 0. Let f(g) = -2*g**2 - g**2 + g**3 - 2*g + k*g**2. Calculate f(-3).
-12
Let q(o) = -o**3 - 8*o**2 - 5*o - 12. Let z be ((-189)/(-21)*(-2)/24)/(3/24). Give q(z).
-54
Suppose 2 = -6*t + 44. Suppose -2*h - 6*k + 6 = -t*k, -4*h + 20 = 2*k. Let s(u) = 4*u - u**2 + 3 - 4 - 1. Determine s(h).
-2
Let v(s) = s + 10. Suppose -5*w + 14 = 2*t, -3*w + 8*w = t + 8. Suppose -7*b = -t*b + 50. Determine v(b).
0
Let r(x) = -x**2 - 1. Let h(a) = -a**2 + 24*a + 27. Let w be h(25). Suppose 42*q = 40*q. Let z = q - w. What is r(z)?
-5
Let n(y) be the third derivative of y**4/6 + y**3/2 + 84*y**2 - 5*y. What is n(-3)?
-9
Let p be (-175)/10*(-6)/15. Let u(m) = -p*m + 5 - 2 - 11 + 5 + 2. Calculate u(1).
-8
Let y(d) be the second derivative of -d**3/3 - 13*d**2/2 - 1090*d. Give y(-14).
15
Let f(j) be the first derivative of -j**3/3 - 2*j**2 + 12*j - 521. Give f(4).
-20
Let i(h) = -h - 12. Let r(w) = -3*w**2 - 6*w - 4. Let z be r(-4). Let k = z - -33. Suppose k*o + 28 = o. Calculate i(o).
-5
Let t(o) = -2*o**3 - 2*o**2 + 10*o + 9. Suppo